factors of 16140/45*(-3)/(-4).
269
Let n = -116 - -1310. List the prime factors of n.
2, 3, 199
Suppose -4*s + 2 + 6 = 0, -5*s - 53 = -3*d. Suppose 11 = t + 2*i, -3*t + 5 = -i - d. What are the prime factors of t/(-6) - 79/(-2)?
2, 19
Suppose 0 = -q + 10*q - 36. List the prime factors of q + 1 + 804/3.
3, 7, 13
Let l = 0 - 8. What are the prime factors of (2 - -2)/((-1)/l)?
2
Suppose -4*k = -5*d - 106 - 227, -4*k - 5*d = -323. Suppose 5*u - k = -7. What are the prime factors of u?
3, 5
Suppose -18*m = 3*p - 14*m - 4067, 0 = 3*p - 2*m - 4055. What are the prime factors of p?
3, 11, 41
Let c(s) = 6*s**2 + s. Let f be c(-1). Suppose k - 5*k - 3*w = -99, w = f*k - 100. What are the prime factors of k?
3, 7
What are the prime factors of (-7)/2*-2 + (-639 - -3827)?
3, 5, 71
Let n be 6/(-8)*80/(-30) - -2. Suppose 0 = -0*z + 2*z + 4, n*z + 218 = 5*h. List the prime factors of h.
2, 3, 7
Let x be 4/20 + (-19)/(-5). Suppose 3*r + x*a = -17, a + 9 = -r - a. List the prime factors of 17 + (12/(-3))/r.
13
Suppose -b - 48 = -2*s, -s - 2*b = -5*b - 34. Let z = s - 13. What are the prime factors of z?
3
Let y = 1906 - 1341. List the prime factors of y.
5, 113
Suppose a = 2684 - 227. What are the prime factors of a?
3, 7, 13
Suppose -4*u - 4*q + 1720 = 0, -1696 = -12*u + 8*u + 4*q. What are the prime factors of u?
7, 61
Let f be ((-2748)/(-36))/(2/(-6)). Let g = f - -338. What are the prime factors of g?
109
Let q = 10 + -50. Let z = q - -43. Let h(m) = 3*m + 5. List the prime factors of h(z).
2, 7
Let t(n) = 5*n**2 + 5*n + 3. Let j be t(-4). Suppose -5*d + 4*d + j = 0. List the prime factors of d.
3, 7
Suppose -4*p + 1969 = -x, 3*x - 3046 = -5*p - 589. Suppose 0 = -5*a + p + 23. What are the prime factors of a?
103
List the prime factors of (-2525)/(-5 + 0) + -1.
2, 3, 7
Let y be 1 + 7/(21/(-72)). Let u = y + 25. List the prime factors of 1 + -1 + 10 + u.
2, 3
Let x = 73 - 81. List the prime factors of (-3)/(-2) - 940/x.
7, 17
Let p(z) = 2*z**2 - 3*z + 7. Let s = -57 + 82. Let o be s/(-6) + 6/36. What are the prime factors of p(o)?
3, 17
Suppose 4*a = 6 + 14. Suppose -a*b + 16 = 6. Suppose b*t - 60 = 3*w, 2*t + w + 11 = 71. What are the prime factors of t?
2, 3, 5
Let u be ((-3)/(-2))/((-45)/(-60)). Suppose 2*t = -v + 62, -6*t + u*t = 5*v - 136. What are the prime factors of t?
29
Suppose i - 5*z - 22 = 0, -3*i + 4*z - 2*z = -14. Suppose -18 = 5*n + i. Let y(o) = o**3 + 5*o**2. List the prime factors of y(n).
2
Let w(j) = 172*j**2 + 5*j + 6. Let r be w(3). Suppose r = 14*u + 71. List the prime factors of u.
107
Let q(s) = 24*s**3 - 4. Let t be q(-4). List the prime factors of (t/3)/(-5) - (-2)/6.
103
Suppose 5*p = 244 + 26. Let q = p - -177. List the prime factors of q.
3, 7, 11
Suppose 0 = -14*g + 1534 + 1532. List the prime factors of g.
3, 73
Suppose 2*q - 3*q - 2 = 0. Let i(l) = -2*l**3 - 3*l**2. Let t be i(q). List the prime factors of 26 + t/4 + -2.
5
Let w(t) = -55*t + 9. Let y be (-1)/(-5 + 44/8). List the prime factors of w(y).
7, 17
Let u = -76 - -940. What are the prime factors of u?
2, 3
Suppose 0 = -5*c + 58 + 2. Let g = c + 3. What are the prime factors of g?
3, 5
Suppose -5*g = -g + 24. Let w be (-2)/g*2*6. List the prime factors of (-3)/(-6) - (-254)/w.
2
Suppose 3*k - 20 = 5*x, -5*k = 2*x + 3 + 5. Suppose 0 = -2*j + 3*u + 9 - 4, 0 = j + 4*u - 30. Let c = j - x. What are the prime factors of c?
2, 7
Let g = 74 + -52. Let v = 82 - g. List the prime factors of v.
2, 3, 5
Suppose 1488 = -63*x + 65*x. List the prime factors of x.
2, 3, 31
Let g(f) = -2*f + 1. Let w be g(4). Let z(v) = -v**2 - 10*v - 17. Let l be z(w). What are the prime factors of 2/(-4) + 178/l?
2, 11
Let d = -9 + 19. Suppose 2*p + 3*o = d, 6 = 3*p - p + o. Suppose -56 = -5*z - 4*i, -p*z = -z - 2*i - 14. What are the prime factors of z?
2, 3
Suppose -6477 = 9*d - 20607. What are the prime factors of d?
2, 5, 157
Let l = 14 + -25. Let n be (l/(33/54))/(-2). Suppose -2*s - n + 35 = 0. List the prime factors of s.
13
Let r = 17 + -16. Suppose r = -x, 2*f + f - 4*x = -56. Let z = -18 - f. What are the prime factors of z?
2
Let s = -74 + 94. What are the prime factors of s?
2, 5
Let t be 4/(-8)*12*-2. Let i(h) = h**2 - 12*h + 6. List the prime factors of i(t).
2, 3
Suppose -14696 = 2*w - 24*w. List the prime factors of w.
2, 167
Let f(v) be the first derivative of -6 - v - 4*v**2 - 2*v + v + 2*v**2. List the prime factors of f(-2).
2, 3
Let x = 4156 + -1837. List the prime factors of x.
3, 773
Let l = 7 + 2. Let z be (-804)/(-27) + 2/l. Suppose -26 = -2*y + z. What are the prime factors of y?
2, 7
Let m be (-26)/(5/(-165)*3). Suppose -578 - m = -6*z. List the prime factors of z.
2, 3
Let c = -409 + 739. List the prime factors of ((-56)/8 - -6)/((-2)/c).
3, 5, 11
Let c be (18/54)/(2/1272). Suppose -2*i + 22 = -c. List the prime factors of i.
3, 13
What are the prime factors of 2/(-16)*10 - 2337/(-4)?
11, 53
Let d(a) = 11*a**2 - 9*a - 10. Let z(m) = -5*m**2 + 5*m + 5. Let g(l) = 4*d(l) + 7*z(l). Let s be g(3). Suppose -4*k = -s + 17. List the prime factors of k.
2, 7
Let x(f) = 22*f**2 + 30*f - 1. What are the prime factors of x(-3)?
107
Let g(z) = 31*z**3 + 2*z**2 - z - 3. List the prime factors of g(2).
251
Suppose s + 84 = 4*s. Suppose -6*p = -11*p + 2*r + 88, -4*p - 5*r = -44. Suppose 2*v = a - s, -3*v = v + p. What are the prime factors of a?
2, 5
Suppose 41*q - 43*q - 2*r + 12162 = 0, -3*q = -r - 18263. What are the prime factors of q?
2, 17, 179
Let d(z) = -38*z - 212. List the prime factors of d(-6).
2
Suppose 0 = -6*c + 80 - 26. Suppose -c*p - 625 + 2317 = 0. What are the prime factors of p?
2, 47
Let z be 13 + -14 - (0 - 7). Let r be -1 + z - (6 - 6). Suppose 2*k = 3*f - 2 - 48, -r*f + 4*k = -86. List the prime factors of f.
2, 7
Let y = 1143 - 725. What are the prime factors of y?
2, 11, 19
Let h(w) = 5*w**2 + 6*w + 4. Let x be h(-5). Let u = x - 38. Let v = -40 + u. What are the prime factors of v?
3, 7
Suppose 0 = 10*i - 6*i + 60. Let t = -12 - i. List the prime factors of t.
3
Let h = 76 + -73. Suppose -2*z = -h*c + 35, 0 = -3*c + 7*c - z - 45. What are the prime factors of c?
11
Let p(n) = n**3 - 13*n**2 - 29*n - 11. Let x be p(15). Suppose l + 4*t - 88 = 0, -x*l + 2*l = -3*t - 187. What are the prime factors of l?
2, 23
Suppose -2*a + 13261 + 5803 = 5*x, -19052 = -5*x + 4*a. What are the prime factors of x?
2, 953
Let r = 25 - -162. Let p = r + -91. Suppose 4*d - 6*d = -p. What are the prime factors of d?
2, 3
Suppose 0 = -f - 2*y + 23, 5*f + 5*y = -0*f + 95. Suppose -f*i - 304 = -17*i. List the prime factors of i.
2, 19
Let y(h) = h**3 + 18*h**2 - 48*h - 63. What are the prime factors of y(-12)?
3, 17
Let h(y) = 5*y**2 - 2*y - 17. List the prime factors of h(-8).
11, 29
Suppose 8053 = 2*t + 2*b - 4007, t = -4*b + 6024. What are the prime factors of t?
2, 13, 29
Suppose 0 = 2*w + 2 - 12. Suppose w*u + 60 + 0 = 0. Let k = u - -79. What are the prime factors of k?
67
Suppose 2*v - 129 = -3*v - 2*t, 0 = -3*t + 6. Suppose 156 = 26*y - v*y. List the prime factors of y.
2, 3, 13
Let l(m) = -8*m + 2 - 3*m + 2. What are the prime factors of l(-7)?
3
Let z be (-2 - 0) + 11 - 3. Let o(b) = b**2 - 2*b + 3. Let k be o(z). Let h = -19 + k. What are the prime factors of h?
2
Let b(r) = 23*r**2 - r - 6*r - 7 - 24*r**2. Let a be b(-6). What are the prime factors of (2*a)/(2 + -3)?
2
Let l(v) = 3*v**2 + 2*v - 1. Let t be l(1). Suppose -r + 22 + 35 = -2*w, -189 = -t*r - 5*w. Let b = -34 + r. What are the prime factors of b?
17
Let l(d) = -3*d - 6. Let z be 2 + 2 + -4 + -2. Let a be l(z). List the prime factors of (63 + -4)/(1 - a).
59
Let r = 74 + -70. Suppose 456 - 68 = 4*n + r*v, 5*n - 3*v - 525 = 0. List the prime factors of n.
2, 3, 17
Let w = -17 - -22. Suppose 4*j = -12 - 4, -w*j - 676 = -4*z. Suppose -5*u - 59 = -z. List the prime factors of u.
3, 7
Suppose -f + 826 = -45. List the prime factors of f.
13, 67
Let g(s) = 412*s**3 + s - 1. List the prime factors of g(1).
2, 103
Suppose 0*t - 108 = -3*t. Suppose a - t - 39 = 0. List the prime factors of a.
3, 5
Let t be -15*((-1 - -2) + 0). Let n be (-146)/3*t/10. Let j = -41 + n. List the prime factors of j.
2
Suppose 1104 = -2*p - 10*p. Let g = 216 + p. List the prime factors of g.
2, 31
Let s be (2 - 2) + (254 - -12). Suppose 6